0048.
2, 111253
What are the prime factors of 1787418?
2, 3, 199, 499
List the prime factors of 7151528.
2, 23, 38867
List the prime factors of 2084424.
2, 3, 86851
List the prime factors of 56142.
2, 3, 3119
List the prime factors of 43763285.
5, 8752657
What are the prime factors of 340388?
2, 43, 1979
What are the prime factors of 46431?
3, 7, 11, 67
What are the prime factors of 139136?
2, 1087
What are the prime factors of 294191?
109, 2699
What are the prime factors of 2007687?
3, 11, 83, 733
What are the prime factors of 15872886?
2, 3, 97, 9091
What are the prime factors of 6753335?
5, 17, 79451
What are the prime factors of 69297?
3, 23099
List the prime factors of 10323887.
7, 479, 3079
What are the prime factors of 270733?
23, 79, 149
List the prime factors of 5500258.
2, 73, 101, 373
List the prime factors of 221005.
5, 44201
What are the prime factors of 538932?
2, 3, 97, 463
List the prime factors of 3428343.
3, 167, 2281
List the prime factors of 2933182.
2, 7, 19, 11027
What are the prime factors of 294255?
3, 5, 13, 503
List the prime factors of 16529690.
2, 5, 457, 3617
What are the prime factors of 376567?
17, 1303
List the prime factors of 2191954.
2, 19, 37, 1559
What are the prime factors of 1920014?
2, 17, 149, 379
List the prime factors of 324083.
19, 37, 461
List the prime factors of 758138.
2, 19, 71, 281
List the prime factors of 455533.
13, 67, 523
What are the prime factors of 227762?
2, 47, 2423
List the prime factors of 206463.
3, 68821
What are the prime factors of 876081?
3, 292027
List the prime factors of 42511.
7, 6073
What are the prime factors of 244445?
5, 48889
What are the prime factors of 825337?
825337
List the prime factors of 11619293.
7, 47, 35317
List the prime factors of 468990.
2, 3, 5, 193
List the prime factors of 81620.
2, 5, 7, 11, 53
What are the prime factors of 11085193?
7, 1583599
What are the prime factors of 203130?
2, 3, 5, 37, 61
List the prime factors of 2344100.
2, 5, 11, 2131
What are the prime factors of 3922336?
2, 11, 1013
List the prime factors of 287416.
2, 37, 971
What are the prime factors of 264162?
2, 3, 44027
What are the prime factors of 876666?
2, 3, 7, 20873
What are the prime factors of 222075?
3, 5, 7, 47
List the prime factors of 13778454.
2, 3, 439, 5231
List the prime factors of 344410.
2, 5, 11, 31, 101
What are the prime factors of 14509165?
5, 11, 263803
List the prime factors of 79894.
2, 43, 929
List the prime factors of 1158723.
3, 128747
What are the prime factors of 314766?
2, 3, 29, 67
List the prime factors of 1790079.
3, 596693
List the prime factors of 30263407.
30263407
List the prime factors of 7268496.
2, 3, 163, 929
What are the prime factors of 1491206?
2, 17, 61, 719
What are the prime factors of 251225?
5, 13, 773
What are the prime factors of 2787392?
2, 97, 449
List the prime factors of 475605.
3, 5, 13, 271
List the prime factors of 1202185.
5, 240437
List the prime factors of 250722.
2, 3, 4643
What are the prime factors of 5826369?
3, 19, 102217
List the prime factors of 196690.
2, 5, 13, 17, 89
List the prime factors of 16244039.
7, 331511
List the prime factors of 1607833.
1607833
What are the prime factors of 907880?
2, 5, 22697
What are the prime factors of 1763198?
2, 37, 23827
What are the prime factors of 191740?
2, 5, 9587
List the prime factors of 308115.
3, 5, 41, 167
List the prime factors of 2627183.
13, 179, 1129
List the prime factors of 20128792.
2, 593, 4243
What are the prime factors of 5503567?
5503567
What are the prime factors of 31270764?
2, 3, 7, 372271
List the prime factors of 790454.
2, 7, 131, 431
What are the prime factors of 270062?
2, 13, 17, 47
What are the prime factors of 2277227?
103, 22109
List the prime factors of 3350615.
5, 17, 39419
List the prime factors of 1290417.
3, 430139
What are the prime factors of 282029?
11, 25639
What are the prime factors of 12484780?
2, 5, 7, 11, 67
What are the prime factors of 9443774?
2, 4721887
What are the prime factors of 8550390?
2, 3, 5, 257, 1109
What are the prime factors of 985775?
5, 7, 43, 131
What are the prime factors of 4215446?
2, 2107723
What are the prime factors of 440566?
2, 7, 31469
List the prime factors of 2061411.
3, 11, 62467
What are the prime factors of 1059665?
5, 211933
List the prime factors of 585045.
3, 5, 13001
What are the prime factors of 1575573?
3, 525191
What are the prime factors of 282306?
2, 3, 47051
What are the prime factors of 11254732?
2, 2813683
List the prime factors of 2645713.
7, 23, 16433
What are the prime factors of 3530591?
3530591
What are the prime factors of 860794?
2, 11, 3557
What are the prime factors of 2062678?
2, 17, 19, 31, 103
List the prime factors of 406731.
3, 13, 10429
What are the prime factors of 23792765?
5, 4758553
What are the prime factors of 4134815?
5, 826963
What are the prime factors of 50559?
3, 19, 887
What are the prime factors of 127254?
2, 3, 127, 167
What are the prime factors of 13104853?
13104853
List the prime factors of 222959.
11, 20269
List the prime factors of 451600.
2, 5, 1129
What are the prime factors of 107649?
3, 443
What are the prime factors of 9713592?
2, 3, 7, 19273
List the prime factors of 17091670.
2, 5, 41, 41687
List the prime factors of 2258553.
3, 11, 89, 769
What are the prime factors of 2300521?
157, 14653
What are the prime factors of 264358?
2, 131, 1009
List the prime factors of 13330292.
2, 1259, 2647
List the prime factors of 502734.
2, 3, 23, 3643
List the prime factors of 317326.
2, 158663
What are the prime factors of 10605674?
2, 5302837
List the prime factors of 5112452.
2, 1278113
What are the prime factors of 607326?
2, 3, 101221
List the prime factors of 192874.
2, 11, 797
What are the prime factors of 214524?
2, 3, 59, 101
What are the prime factors of 3105139?
839, 3701
List the prime factors of 211265.
5, 29, 31, 47
What are the prime factors of 303437?
37, 59, 139
What are the prime factors of 5341577?
5341577
List the prime factors of 6172218.
2, 3, 13, 2029
List the prime factors of 6848376.
2, 3, 71, 4019
List the prime factors of 28029698.
2, 14014849
What are the prime factors of 1498832?
2, 113, 829
List the prime factors of 13770061.
13770061
What are the prime factors of 268945?
5, 19, 149
What are the prime factors of 1054362?
2, 3, 175727
What are the prime factors of 866181?
3, 179, 1613
List the prime factors of 18447750.
2, 3, 5, 911
List the prime factors of 224721.
3, 7, 29, 41
What are the prime factors of 78369?
3, 151, 173
List the prime factors of 231658.
2, 7, 16547
What are the prime factors of 542740?
2, 5, 11, 2467
List the prime factors of 638856.
2, 3, 19, 467
What are the prime factors of 5277340?
2, 5, 263867
What are the prime factors of 543070?
2, 5, 11, 4937
What are the prime factors of 6845658?
2, 3, 67, 17029
What are the prime factors of 203493?
3, 29, 2339
What are the prime factors of 1983677?
103, 19259
What are the prime factors of 833611?
59, 71, 199
List the prime factors of 5768059.
11, 524369
List the prime factors of 654981.
3, 109, 2003
What are the prime factors of 211470?
2, 3, 5, 7, 19, 53
What are the prime factors of 629423?
167, 3769
List the prime factors of 852011.
852011
What are the prime factors of 1302404?
2, 17, 107, 179
List the prime factors of 3983482.
2, 127, 15683
What are the prime factors of 701540?
2, 5, 7, 5011
List the prime factors of 7870869.
3, 31, 28211
What are the prime factors of 3441902?
2, 1720951
List the prime factors of 1510640.
2, 5, 23, 821
What are the prime factors of 721599?
3, 17, 14149
List the prime factors of 917549.
917549
List the prime factors of 708648.
2, 3, 29527
What are the prime factors of 336917?
7, 48131
List the prime factors of 2898798.
2, 3, 7, 69019
List the prime factors of 750533.
7, 17, 53
What are the prime factors of 3311880?
2, 3, 5, 11, 13, 193
What are the prime factors of 7963564?
2, 7, 284413
What are the prime factors of 2810612?
2, 7, 100379
What are the prime factors of 61151?
61151
What are the prime factors of 16626?
2, 3, 17, 163
List the prime factors of 2518708.
2, 29, 21713
What are the prime factors of 1840666?
2, 920333
What are the prime factors of 5825700?
2, 3, 5, 6473
What are the prime factors of 3147142?
2, 17, 151